[INFO] cloning repository https://github.com/phyroxin/rust_game_dev
[INFO] running `Command { std: "git" "-c" "credential.helper=" "-c" "credential.helper=/workspace/cargo-home/bin/git-credential-null" "clone" "--bare" "https://github.com/phyroxin/rust_game_dev" "/workspace/cache/git-repos/https%3A%2F%2Fgithub.com%2Fphyroxin%2Frust_game_dev", kill_on_drop: false }`
[INFO] [stderr] Cloning into bare repository '/workspace/cache/git-repos/https%3A%2F%2Fgithub.com%2Fphyroxin%2Frust_game_dev'...
[INFO] running `Command { std: "git" "rev-parse" "HEAD", kill_on_drop: false }`
[INFO] [stdout] a9639481dd1018719d63f2e8d8bc69ec0f514773
[INFO] checking phyroxin/rust_game_dev against try#72f88fc4e9458f89516a0b8b0868f3718aec5b47 for pr-74989
[INFO] running `Command { std: "git" "clone" "/workspace/cache/git-repos/https%3A%2F%2Fgithub.com%2Fphyroxin%2Frust_game_dev" "/workspace/builds/worker-3/source", kill_on_drop: false }`
[INFO] [stderr] Cloning into '/workspace/builds/worker-3/source'...
[INFO] [stderr] done.
[INFO] validating manifest of git repo https://github.com/phyroxin/rust_game_dev on toolchain 72f88fc4e9458f89516a0b8b0868f3718aec5b47
[INFO] running `Command { std: "/workspace/cargo-home/bin/cargo" "+72f88fc4e9458f89516a0b8b0868f3718aec5b47" "read-manifest" "--manifest-path" "Cargo.toml", kill_on_drop: false }`
[INFO] started tweaking git repo https://github.com/phyroxin/rust_game_dev
[INFO] finished tweaking git repo https://github.com/phyroxin/rust_game_dev
[INFO] tweaked toml for git repo https://github.com/phyroxin/rust_game_dev written to /workspace/builds/worker-3/source/Cargo.toml
[INFO] crate git repo https://github.com/phyroxin/rust_game_dev already has a lockfile, it will not be regenerated
[INFO] running `Command { std: "/workspace/cargo-home/bin/cargo" "+72f88fc4e9458f89516a0b8b0868f3718aec5b47" "fetch" "--locked" "--manifest-path" "Cargo.toml", kill_on_drop: false }`
[INFO] [stderr] error: the lock file /workspace/builds/worker-3/source/Cargo.lock needs to be updated but --locked was passed to prevent this
[INFO] [stderr] If you want to try to generate the lock file without accessing the network, use the --offline flag.
[INFO] the lockfile is outdated, regenerating it
[INFO] running `Command { std: "/workspace/cargo-home/bin/cargo" "+72f88fc4e9458f89516a0b8b0868f3718aec5b47" "generate-lockfile" "--manifest-path" "Cargo.toml" "-Zno-index-update", kill_on_drop: false }`
[INFO] running `Command { std: "/workspace/cargo-home/bin/cargo" "+72f88fc4e9458f89516a0b8b0868f3718aec5b47" "fetch" "--locked" "--manifest-path" "Cargo.toml", kill_on_drop: false }`
[INFO] running `Command { std: "docker" "create" "-v" "/var/lib/crater-agent-workspace/builds/worker-3/target:/opt/rustwide/target:rw,Z" "-v" "/var/lib/crater-agent-workspace/builds/worker-3/source:/opt/rustwide/workdir:ro,Z" "-v" "/var/lib/crater-agent-workspace/cargo-home:/opt/rustwide/cargo-home:ro,Z" "-v" "/var/lib/crater-agent-workspace/rustup-home:/opt/rustwide/rustup-home:ro,Z" "-e" "SOURCE_DIR=/opt/rustwide/workdir" "-e" "CARGO_TARGET_DIR=/opt/rustwide/target" "-e" "CARGO_HOME=/opt/rustwide/cargo-home" "-e" "RUSTUP_HOME=/opt/rustwide/rustup-home" "-w" "/opt/rustwide/workdir" "-m" "1610612736" "--user" "0:0" "--network" "none" "rustops/crates-build-env@sha256:d92eaeed33fa75130ca1ee6c8a01d1ffb62bac859dfdfb3450e3e5d1c0146529" "/opt/rustwide/cargo-home/bin/cargo" "+72f88fc4e9458f89516a0b8b0868f3718aec5b47" "metadata" "--no-deps" "--format-version=1", kill_on_drop: false }`
[INFO] [stderr] WARNING: Your kernel does not support swap limit capabilities or the cgroup is not mounted. Memory limited without swap.
[INFO] [stdout] f22cc48aef4b8210ddd18eba0993ba7fcc35681bb793d96a27798767a6e7c9c9
[INFO] running `Command { std: "docker" "start" "-a" "f22cc48aef4b8210ddd18eba0993ba7fcc35681bb793d96a27798767a6e7c9c9", kill_on_drop: false }`
[INFO] running `Command { std: "docker" "inspect" "f22cc48aef4b8210ddd18eba0993ba7fcc35681bb793d96a27798767a6e7c9c9", kill_on_drop: false }`
[INFO] running `Command { std: "docker" "rm" "-f" "f22cc48aef4b8210ddd18eba0993ba7fcc35681bb793d96a27798767a6e7c9c9", kill_on_drop: false }`
[INFO] [stdout] f22cc48aef4b8210ddd18eba0993ba7fcc35681bb793d96a27798767a6e7c9c9
[INFO] running `Command { std: "docker" "create" "-v" "/var/lib/crater-agent-workspace/builds/worker-3/target:/opt/rustwide/target:rw,Z" "-v" "/var/lib/crater-agent-workspace/builds/worker-3/source:/opt/rustwide/workdir:ro,Z" "-v" "/var/lib/crater-agent-workspace/cargo-home:/opt/rustwide/cargo-home:ro,Z" "-v" "/var/lib/crater-agent-workspace/rustup-home:/opt/rustwide/rustup-home:ro,Z" "-e" "SOURCE_DIR=/opt/rustwide/workdir" "-e" "CARGO_TARGET_DIR=/opt/rustwide/target" "-e" "CARGO_INCREMENTAL=0" "-e" "RUST_BACKTRACE=full" "-e" "RUSTFLAGS=--cap-lints=forbid" "-e" "CARGO_HOME=/opt/rustwide/cargo-home" "-e" "RUSTUP_HOME=/opt/rustwide/rustup-home" "-w" "/opt/rustwide/workdir" "-m" "1610612736" "--user" "0:0" "--network" "none" "rustops/crates-build-env@sha256:d92eaeed33fa75130ca1ee6c8a01d1ffb62bac859dfdfb3450e3e5d1c0146529" "/opt/rustwide/cargo-home/bin/cargo" "+72f88fc4e9458f89516a0b8b0868f3718aec5b47" "check" "--frozen" "--all" "--all-targets" "--message-format=json", kill_on_drop: false }`
[INFO] [stdout] 8848e389cab37e7a2846f855e51fc0174ee8cb81b003afdcdfc5662588a1530d
[INFO] [stderr] WARNING: Your kernel does not support swap limit capabilities or the cgroup is not mounted. Memory limited without swap.
[INFO] running `Command { std: "docker" "start" "-a" "8848e389cab37e7a2846f855e51fc0174ee8cb81b003afdcdfc5662588a1530d", kill_on_drop: false }`
[INFO] [stderr]    Compiling log v0.4.11
[INFO] [stderr]    Compiling xml-rs v0.8.3
[INFO] [stderr]    Compiling proc-macro2 v0.4.30
[INFO] [stderr]    Compiling unicode-xid v0.1.0
[INFO] [stderr]    Compiling khronos_api v3.1.0
[INFO] [stderr]    Compiling libloading v0.6.3
[INFO] [stderr]    Compiling byteorder v1.3.4
[INFO] [stderr]     Checking downcast-rs v1.2.0
[INFO] [stderr]     Checking scopeguard v1.1.0
[INFO] [stderr]     Checking rustc-demangle v0.1.16
[INFO] [stderr]     Checking fnv v1.0.7
[INFO] [stderr]     Checking takeable-option v0.5.0
[INFO] [stderr]    Compiling memoffset v0.5.5
[INFO] [stderr]    Compiling libloading v0.5.2
[INFO] [stderr]    Compiling x11-dl v2.18.5
[INFO] [stderr]     Checking lock_api v0.3.4
[INFO] [stderr]     Checking net2 v0.2.35
[INFO] [stderr]     Checking memmap v0.7.0
[INFO] [stderr]     Checking parking_lot_core v0.7.2
[INFO] [stderr]     Checking raw-window-handle v0.3.3
[INFO] [stderr]     Checking shared_library v0.1.9
[INFO] [stderr]     Checking nix v0.14.1
[INFO] [stderr]     Checking approx v0.3.2
[INFO] [stderr]     Checking ordered-float v1.1.0
[INFO] [stderr]     Checking line_drawing v0.7.0
[INFO] [stderr]     Checking backtrace v0.3.50
[INFO] [stderr]     Checking osmesa-sys v0.1.2
[INFO] [stderr]     Checking parking_lot v0.10.2
[INFO] [stderr]     Checking mio v0.6.22
[INFO] [stderr]     Checking dlib v0.4.2
[INFO] [stderr]     Checking wayland-sys v0.23.6
[INFO] [stderr]    Compiling gl_generator v0.14.0
[INFO] [stderr]     Checking stb_truetype v0.3.1
[INFO] [stderr]     Checking mio-extras v2.0.6
[INFO] [stderr]    Compiling quote v0.6.13
[INFO] [stderr]    Compiling wayland-scanner v0.23.6
[INFO] [stderr]     Checking rusttype v0.8.3
[INFO] [stderr]     Checking rusttype v0.7.9
[INFO] [stderr]    Compiling glutin_glx_sys v0.1.7
[INFO] [stderr]    Compiling glutin_egl_sys v0.1.5
[INFO] [stderr]    Compiling glium v0.27.0
[INFO] [stderr]     Checking andrew v0.2.1
[INFO] [stderr]    Compiling wayland-client v0.23.6
[INFO] [stderr]    Compiling wayland-protocols v0.23.6
[INFO] [stderr]     Checking calloop v0.4.4
[INFO] [stderr]     Checking wayland-commons v0.23.6
[INFO] [stderr]     Checking smithay-client-toolkit v0.6.6
[INFO] [stderr]     Checking winit v0.22.2
[INFO] [stderr]     Checking glutin v0.24.1
[INFO] [stderr]     Checking draw_sprite v0.1.0 (/opt/rustwide/workdir)
[INFO] [stdout] error[E0432]: unresolved import `glium::DisplayBuild`
[INFO] [stdout]   --> src/main.rs:12:9
[INFO] [stdout]    |
[INFO] [stdout] 12 |     use glium:: DisplayBuild;
[INFO] [stdout]    |         ^^^^^^^^^^^^^^^^^^^^ no `DisplayBuild` in the root
[INFO] [stdout] 
[INFO] [stdout] 
[INFO] [stdout] error[E0432]: unresolved import `glium::DisplayBuild`
[INFO] [stdout]   --> src/main.rs:12:9
[INFO] [stdout]    |
[INFO] [stdout] 12 |     use glium:: DisplayBuild;
[INFO] [stdout]    |         ^^^^^^^^^^^^^^^^^^^^ no `DisplayBuild` in the root
[INFO] [stdout] 
[INFO] [stdout] 
[INFO] [stdout] error[E0433]: failed to resolve: could not find `Event` in `glutin`
[INFO] [stdout]    --> src/main.rs:196:20
[INFO] [stdout]     |
[INFO] [stdout] 196 |                 glium::glutin::Event::Closed => return, // the window has been closed by the user
[INFO] [stdout]     |                                ^^^^^ could not find `Event` in `glutin`
[INFO] [stdout] 
[INFO] [stdout] 
[INFO] [stdout] error[E0433]: failed to resolve: could not find `Event` in `glutin`
[INFO] [stdout]    --> src/main.rs:198:20
[INFO] [stdout]     |
[INFO] [stdout] 198 |                 glium::glutin::Event::KeyboardInput(glium::glutin::ElementState::Pressed, _, Some(glium::glutin::VirtualKeyCode::A)) => {
[INFO] [stdout]     |                                ^^^^^ could not find `Event` in `glutin`
[INFO] [stdout] 
[INFO] [stdout] 
[INFO] [stdout] error[E0433]: failed to resolve: could not find `ElementState` in `glutin`
[INFO] [stdout]    --> src/main.rs:198:56
[INFO] [stdout]     |
[INFO] [stdout] 198 |                 glium::glutin::Event::KeyboardInput(glium::glutin::ElementState::Pressed, _, Some(glium::glutin::VirtualKeyCode::A)) => {
[INFO] [stdout]     |                                                                    ^^^^^^^^^^^^ could not find `ElementState` in `glutin`
[INFO] [stdout] 
[INFO] [stdout] 
[INFO] [stdout] error[E0433]: failed to resolve: could not find `VirtualKeyCode` in `glutin`
[INFO] [stdout]    --> src/main.rs:198:102
[INFO] [stdout]     |
[INFO] [stdout] 198 |                 glium::glutin::Event::KeyboardInput(glium::glutin::ElementState::Pressed, _, Some(glium::glutin::VirtualKeyCode::A)) => {
[INFO] [stdout]     |                                                                                                                  ^^^^^^^^^^^^^^ could not find `VirtualKeyCode` in `glutin`
[INFO] [stdout] 
[INFO] [stdout] 
[INFO] [stdout] error[E0433]: failed to resolve: could not find `Event` in `glutin`
[INFO] [stdout]    --> src/main.rs:203:20
[INFO] [stdout]     |
[INFO] [stdout] 203 |                 glium::glutin::Event::KeyboardInput(glium::glutin::ElementState::Released, _, Some(glium::glutin::VirtualKeyCode::A)) => {
[INFO] [stdout]     |                                ^^^^^ could not find `Event` in `glutin`
[INFO] [stdout] 
[INFO] [stdout] 
[INFO] [stdout] error[E0433]: failed to resolve: could not find `ElementState` in `glutin`
[INFO] [stdout]    --> src/main.rs:203:56
[INFO] [stdout]     |
[INFO] [stdout] 203 |                 glium::glutin::Event::KeyboardInput(glium::glutin::ElementState::Released, _, Some(glium::glutin::VirtualKeyCode::A)) => {
[INFO] [stdout]     |                                                                    ^^^^^^^^^^^^ could not find `ElementState` in `glutin`
[INFO] [stdout] 
[INFO] [stdout] 
[INFO] [stdout] error[E0433]: failed to resolve: could not find `VirtualKeyCode` in `glutin`
[INFO] [stdout]    --> src/main.rs:203:103
[INFO] [stdout]     |
[INFO] [stdout] 203 |                 glium::glutin::Event::KeyboardInput(glium::glutin::ElementState::Released, _, Some(glium::glutin::VirtualKeyCode::A)) => {
[INFO] [stdout]     |                                                                                                                   ^^^^^^^^^^^^^^ could not find `VirtualKeyCode` in `glutin`
[INFO] [stdout] 
[INFO] [stdout] 
[INFO] [stdout] error[E0433]: failed to resolve: could not find `Event` in `glutin`
[INFO] [stdout]    --> src/main.rs:207:20
[INFO] [stdout]     |
[INFO] [stdout] 207 |                 glium::glutin::Event::KeyboardInput(glium::glutin::ElementState::Pressed, _, Some(glium::glutin::VirtualKeyCode::D)) => {
[INFO] [stdout]     |                                ^^^^^ could not find `Event` in `glutin`
[INFO] [stdout] 
[INFO] [stdout] 
[INFO] [stdout] error[E0433]: failed to resolve: could not find `ElementState` in `glutin`
[INFO] [stdout]    --> src/main.rs:207:56
[INFO] [stdout]     |
[INFO] [stdout] 207 |                 glium::glutin::Event::KeyboardInput(glium::glutin::ElementState::Pressed, _, Some(glium::glutin::VirtualKeyCode::D)) => {
[INFO] [stdout]     |                                                                    ^^^^^^^^^^^^ could not find `ElementState` in `glutin`
[INFO] [stdout] 
[INFO] [stdout] 
[INFO] [stdout] error[E0433]: failed to resolve: could not find `VirtualKeyCode` in `glutin`
[INFO] [stdout]    --> src/main.rs:207:102
[INFO] [stdout]     |
[INFO] [stdout] 207 |                 glium::glutin::Event::KeyboardInput(glium::glutin::ElementState::Pressed, _, Some(glium::glutin::VirtualKeyCode::D)) => {
[INFO] [stdout]     |                                                                                                                  ^^^^^^^^^^^^^^ could not find `VirtualKeyCode` in `glutin`
[INFO] [stdout] 
[INFO] [stdout] 
[INFO] [stdout] error[E0433]: failed to resolve: could not find `Event` in `glutin`
[INFO] [stdout]    --> src/main.rs:212:20
[INFO] [stdout]     |
[INFO] [stdout] 212 |                 glium::glutin::Event::KeyboardInput(glium::glutin::ElementState::Released, _, Some(glium::glutin::VirtualKeyCode::D)) => {
[INFO] [stdout]     |                                ^^^^^ could not find `Event` in `glutin`
[INFO] [stdout] 
[INFO] [stdout] 
[INFO] [stdout] error[E0433]: failed to resolve: could not find `ElementState` in `glutin`
[INFO] [stdout]    --> src/main.rs:212:56
[INFO] [stdout]     |
[INFO] [stdout] 212 |                 glium::glutin::Event::KeyboardInput(glium::glutin::ElementState::Released, _, Some(glium::glutin::VirtualKeyCode::D)) => {
[INFO] [stdout]     |                                                                    ^^^^^^^^^^^^ could not find `ElementState` in `glutin`
[INFO] [stdout] 
[INFO] [stdout] 
[INFO] [stdout] error[E0433]: failed to resolve: could not find `Event` in `glutin`
[INFO] [stdout]    --> src/main.rs:196:20
[INFO] [stdout]     |
[INFO] [stdout] 196 |                 glium::glutin::Event::Closed => return, // the window has been closed by the user
[INFO] [stdout]     |                                ^^^^^ could not find `Event` in `glutin`
[INFO] [stdout] 
[INFO] [stdout] 
[INFO] [stdout] error[E0433]: failed to resolve: could not find `Event` in `glutin`
[INFO] [stdout]    --> src/main.rs:198:20
[INFO] [stdout]     |
[INFO] [stdout] 198 |                 glium::glutin::Event::KeyboardInput(glium::glutin::ElementState::Pressed, _, Some(glium::glutin::VirtualKeyCode::A)) => {
[INFO] [stdout]     |                                ^^^^^ could not find `Event` in `glutin`
[INFO] [stdout] 
[INFO] [stdout] 
[INFO] [stdout] error[E0433]: failed to resolve: could not find `ElementState` in `glutin`
[INFO] [stdout]    --> src/main.rs:198:56
[INFO] [stdout]     |
[INFO] [stdout] 198 |                 glium::glutin::Event::KeyboardInput(glium::glutin::ElementState::Pressed, _, Some(glium::glutin::VirtualKeyCode::A)) => {
[INFO] [stdout]     |                                                                    ^^^^^^^^^^^^ could not find `ElementState` in `glutin`
[INFO] [stdout] 
[INFO] [stdout] 
[INFO] [stdout] error[E0433]: failed to resolve: could not find `VirtualKeyCode` in `glutin`
[INFO] [stdout]    --> src/main.rs:198:102
[INFO] [stdout]     |
[INFO] [stdout] 198 |                 glium::glutin::Event::KeyboardInput(glium::glutin::ElementState::Pressed, _, Some(glium::glutin::VirtualKeyCode::A)) => {
[INFO] [stdout]     |                                                                                                                  ^^^^^^^^^^^^^^ could not find `VirtualKeyCode` in `glutin`
[INFO] [stdout] 
[INFO] [stdout] 
[INFO] [stdout] error[E0433]: failed to resolve: could not find `Event` in `glutin`
[INFO] [stdout]    --> src/main.rs:203:20
[INFO] [stdout]     |
[INFO] [stdout] 203 |                 glium::glutin::Event::KeyboardInput(glium::glutin::ElementState::Released, _, Some(glium::glutin::VirtualKeyCode::A)) => {
[INFO] [stdout]     |                                ^^^^^ could not find `Event` in `glutin`
[INFO] [stdout] 
[INFO] [stdout] 
[INFO] [stdout] error[E0433]: failed to resolve: could not find `ElementState` in `glutin`
[INFO] [stdout]    --> src/main.rs:203:56
[INFO] [stdout]     |
[INFO] [stdout] 203 |                 glium::glutin::Event::KeyboardInput(glium::glutin::ElementState::Released, _, Some(glium::glutin::VirtualKeyCode::A)) => {
[INFO] [stdout]     |                                                                    ^^^^^^^^^^^^ could not find `ElementState` in `glutin`
[INFO] [stdout] 
[INFO] [stdout] 
[INFO] [stdout] error[E0433]: failed to resolve: could not find `VirtualKeyCode` in `glutin`
[INFO] [stdout]    --> src/main.rs:203:103
[INFO] [stdout]     |
[INFO] [stdout] 203 |                 glium::glutin::Event::KeyboardInput(glium::glutin::ElementState::Released, _, Some(glium::glutin::VirtualKeyCode::A)) => {
[INFO] [stdout]     |                                                                                                                   ^^^^^^^^^^^^^^ could not find `VirtualKeyCode` in `glutin`
[INFO] [stdout] 
[INFO] [stdout] 
[INFO] [stdout] error[E0433]: failed to resolve: could not find `Event` in `glutin`
[INFO] [stdout]    --> src/main.rs:207:20
[INFO] [stdout]     |
[INFO] [stdout] 207 |                 glium::glutin::Event::KeyboardInput(glium::glutin::ElementState::Pressed, _, Some(glium::glutin::VirtualKeyCode::D)) => {
[INFO] [stdout]     |                                ^^^^^ could not find `Event` in `glutin`
[INFO] [stdout] 
[INFO] [stdout] 
[INFO] [stdout] error[E0433]: failed to resolve: could not find `ElementState` in `glutin`
[INFO] [stdout]    --> src/main.rs:207:56
[INFO] [stdout]     |
[INFO] [stdout] 207 |                 glium::glutin::Event::KeyboardInput(glium::glutin::ElementState::Pressed, _, Some(glium::glutin::VirtualKeyCode::D)) => {
[INFO] [stdout]     |                                                                    ^^^^^^^^^^^^ could not find `ElementState` in `glutin`
[INFO] [stdout] 
[INFO] [stdout] 
[INFO] [stdout] error[E0433]: failed to resolve: could not find `VirtualKeyCode` in `glutin`
[INFO] [stdout]    --> src/main.rs:207:102
[INFO] [stdout]     |
[INFO] [stdout] 207 |                 glium::glutin::Event::KeyboardInput(glium::glutin::ElementState::Pressed, _, Some(glium::glutin::VirtualKeyCode::D)) => {
[INFO] [stdout]     |                                                                                                                  ^^^^^^^^^^^^^^ could not find `VirtualKeyCode` in `glutin`
[INFO] [stdout] 
[INFO] [stdout] 
[INFO] [stdout] error[E0433]: failed to resolve: could not find `Event` in `glutin`
[INFO] [stdout]    --> src/main.rs:212:20
[INFO] [stdout]     |
[INFO] [stdout] 212 |                 glium::glutin::Event::KeyboardInput(glium::glutin::ElementState::Released, _, Some(glium::glutin::VirtualKeyCode::D)) => {
[INFO] [stdout]     |                                ^^^^^ could not find `Event` in `glutin`
[INFO] [stdout] 
[INFO] [stdout] 
[INFO] [stdout] error[E0433]: failed to resolve: could not find `ElementState` in `glutin`
[INFO] [stdout]    --> src/main.rs:212:56
[INFO] [stdout]     |
[INFO] [stdout] 212 |                 glium::glutin::Event::KeyboardInput(glium::glutin::ElementState::Released, _, Some(glium::glutin::VirtualKeyCode::D)) => {
[INFO] [stdout]     |                                                                    ^^^^^^^^^^^^ could not find `ElementState` in `glutin`
[INFO] [stdout] 
[INFO] [stdout] 
[INFO] [stdout] error[E0433]: failed to resolve: could not find `VirtualKeyCode` in `glutin`
[INFO] [stdout]    --> src/main.rs:212:103
[INFO] [stdout]     |
[INFO] [stdout] 212 |                 glium::glutin::Event::KeyboardInput(glium::glutin::ElementState::Released, _, Some(glium::glutin::VirtualKeyCode::D)) => {
[INFO] [stdout]     |                                                                                                                   ^^^^^^^^^^^^^^ could not find `VirtualKeyCode` in `glutin`
[INFO] [stdout] 
[INFO] [stdout] 
[INFO] [stdout] error[E0433]: failed to resolve: could not find `Event` in `glutin`
[INFO] [stdout]    --> src/main.rs:216:20
[INFO] [stdout]     |
[INFO] [stdout] 216 |                 glium::glutin::Event::KeyboardInput(glium::glutin::ElementState::Pressed, _, Some(glium::glutin::VirtualKeyCode::W)) => {
[INFO] [stdout]     |                                ^^^^^ could not find `Event` in `glutin`
[INFO] [stdout] 
[INFO] [stdout] 
[INFO] [stdout] error[E0433]: failed to resolve: could not find `ElementState` in `glutin`
[INFO] [stdout]    --> src/main.rs:216:56
[INFO] [stdout]     |
[INFO] [stdout] 216 |                 glium::glutin::Event::KeyboardInput(glium::glutin::ElementState::Pressed, _, Some(glium::glutin::VirtualKeyCode::W)) => {
[INFO] [stdout]     |                                                                    ^^^^^^^^^^^^ could not find `ElementState` in `glutin`
[INFO] [stdout] 
[INFO] [stdout] 
[INFO] [stdout] error[E0433]: failed to resolve: could not find `VirtualKeyCode` in `glutin`
[INFO] [stdout]    --> src/main.rs:216:102
[INFO] [stdout]     |
[INFO] [stdout] 216 |                 glium::glutin::Event::KeyboardInput(glium::glutin::ElementState::Pressed, _, Some(glium::glutin::VirtualKeyCode::W)) => {
[INFO] [stdout]     |                                                                                                                  ^^^^^^^^^^^^^^ could not find `VirtualKeyCode` in `glutin`
[INFO] [stdout] 
[INFO] [stdout] 
[INFO] [stdout] error[E0433]: failed to resolve: could not find `Event` in `glutin`
[INFO] [stdout]    --> src/main.rs:220:20
[INFO] [stdout]     |
[INFO] [stdout] 220 |                 glium::glutin::Event::KeyboardInput(glium::glutin::ElementState::Released, _, Some(glium::glutin::VirtualKeyCode::W)) => {
[INFO] [stdout]     |                                ^^^^^ could not find `Event` in `glutin`
[INFO] [stdout] 
[INFO] [stdout] 
[INFO] [stdout] error[E0433]: failed to resolve: could not find `ElementState` in `glutin`
[INFO] [stdout]    --> src/main.rs:220:56
[INFO] [stdout]     |
[INFO] [stdout] 220 |                 glium::glutin::Event::KeyboardInput(glium::glutin::ElementState::Released, _, Some(glium::glutin::VirtualKeyCode::W)) => {
[INFO] [stdout]     |                                                                    ^^^^^^^^^^^^ could not find `ElementState` in `glutin`
[INFO] [stdout] 
[INFO] [stdout] 
[INFO] [stdout] error[E0433]: failed to resolve: could not find `VirtualKeyCode` in `glutin`
[INFO] [stdout]    --> src/main.rs:220:103
[INFO] [stdout]     |
[INFO] [stdout] 220 |                 glium::glutin::Event::KeyboardInput(glium::glutin::ElementState::Released, _, Some(glium::glutin::VirtualKeyCode::W)) => {
[INFO] [stdout]     |                                                                                                                   ^^^^^^^^^^^^^^ could not find `VirtualKeyCode` in `glutin`
[INFO] [stdout] 
[INFO] [stdout] 
[INFO] [stdout] error[E0433]: failed to resolve: could not find `Event` in `glutin`
[INFO] [stdout]    --> src/main.rs:224:20
[INFO] [stdout]     |
[INFO] [stdout] 224 |                 glium::glutin::Event::KeyboardInput(glium::glutin::ElementState::Pressed, _, Some(glium::glutin::VirtualKeyCode::S)) => {
[INFO] [stdout]     |                                ^^^^^ could not find `Event` in `glutin`
[INFO] [stdout] 
[INFO] [stdout] 
[INFO] [stdout] error[E0433]: failed to resolve: could not find `ElementState` in `glutin`
[INFO] [stdout]    --> src/main.rs:224:56
[INFO] [stdout]     |
[INFO] [stdout] 224 |                 glium::glutin::Event::KeyboardInput(glium::glutin::ElementState::Pressed, _, Some(glium::glutin::VirtualKeyCode::S)) => {
[INFO] [stdout]     |                                                                    ^^^^^^^^^^^^ could not find `ElementState` in `glutin`
[INFO] [stdout] 
[INFO] [stdout] 
[INFO] [stdout] error[E0433]: failed to resolve: could not find `VirtualKeyCode` in `glutin`
[INFO] [stdout]    --> src/main.rs:224:102
[INFO] [stdout]     |
[INFO] [stdout] 224 |                 glium::glutin::Event::KeyboardInput(glium::glutin::ElementState::Pressed, _, Some(glium::glutin::VirtualKeyCode::S)) => {
[INFO] [stdout]     |                                                                                                                  ^^^^^^^^^^^^^^ could not find `VirtualKeyCode` in `glutin`
[INFO] [stdout] 
[INFO] [stdout] 
[INFO] [stdout] error[E0433]: failed to resolve: could not find `Event` in `glutin`
[INFO] [stdout]    --> src/main.rs:228:20
[INFO] [stdout]     |
[INFO] [stdout] 228 |                 glium::glutin::Event::KeyboardInput(glium::glutin::ElementState::Released, _, Some(glium::glutin::VirtualKeyCode::S)) => {
[INFO] [stdout]     |                                ^^^^^ could not find `Event` in `glutin`
[INFO] [stdout] 
[INFO] [stdout] 
[INFO] [stdout] error[E0433]: failed to resolve: could not find `ElementState` in `glutin`
[INFO] [stdout]    --> src/main.rs:228:56
[INFO] [stdout]     |
[INFO] [stdout] 228 |                 glium::glutin::Event::KeyboardInput(glium::glutin::ElementState::Released, _, Some(glium::glutin::VirtualKeyCode::S)) => {
[INFO] [stdout]     |                                                                    ^^^^^^^^^^^^ could not find `ElementState` in `glutin`
[INFO] [stdout] 
[INFO] [stdout] 
[INFO] [stdout] error[E0433]: failed to resolve: could not find `VirtualKeyCode` in `glutin`
[INFO] [stdout]    --> src/main.rs:228:103
[INFO] [stdout]     |
[INFO] [stdout] 228 |                 glium::glutin::Event::KeyboardInput(glium::glutin::ElementState::Released, _, Some(glium::glutin::VirtualKeyCode::S)) => {
[INFO] [stdout]     |                                                                                                                   ^^^^^^^^^^^^^^ could not find `VirtualKeyCode` in `glutin`
[INFO] [stdout] 
[INFO] [stdout] 
[INFO] [stdout] error[E0433]: failed to resolve: could not find `WindowBuilder` in `glutin`
[INFO] [stdout]   --> src/main.rs:15:31
[INFO] [stdout]    |
[INFO] [stdout] 15 |     let display = glium::glutin::WindowBuilder::new()
[INFO] [stdout]    |                                  ^^^^^^^^^^^^^ not found in `glium::glutin`
[INFO] [stdout]    |
[INFO] [stdout] help: consider importing this struct
[INFO] [stdout]    |
[INFO] [stdout] 4  | use glium::glutin::window::WindowBuilder;
[INFO] [stdout]    |
[INFO] [stdout] 
[INFO] [stdout] 
[INFO] [stdout] error[E0433]: failed to resolve: could not find `VirtualKeyCode` in `glutin`
[INFO] [stdout]    --> src/main.rs:212:103
[INFO] [stdout]     |
[INFO] [stdout] 212 |                 glium::glutin::Event::KeyboardInput(glium::glutin::ElementState::Released, _, Some(glium::glutin::VirtualKeyCode::D)) => {
[INFO] [stdout]     |                                                                                                                   ^^^^^^^^^^^^^^ could not find `VirtualKeyCode` in `glutin`
[INFO] [stdout] 
[INFO] [stdout] 
[INFO] [stdout] error[E0433]: failed to resolve: could not find `Event` in `glutin`
[INFO] [stdout]    --> src/main.rs:216:20
[INFO] [stdout]     |
[INFO] [stdout] 216 |                 glium::glutin::Event::KeyboardInput(glium::glutin::ElementState::Pressed, _, Some(glium::glutin::VirtualKeyCode::W)) => {
[INFO] [stdout]     |                                ^^^^^ could not find `Event` in `glutin`
[INFO] [stdout] 
[INFO] [stdout] 
[INFO] [stdout] error[E0433]: failed to resolve: could not find `ElementState` in `glutin`
[INFO] [stdout]    --> src/main.rs:216:56
[INFO] [stdout]     |
[INFO] [stdout] 216 |                 glium::glutin::Event::KeyboardInput(glium::glutin::ElementState::Pressed, _, Some(glium::glutin::VirtualKeyCode::W)) => {
[INFO] [stdout]     |                                                                    ^^^^^^^^^^^^ could not find `ElementState` in `glutin`
[INFO] [stdout] 
[INFO] [stdout] 
[INFO] [stdout] error[E0433]: failed to resolve: could not find `VirtualKeyCode` in `glutin`
[INFO] [stdout]    --> src/main.rs:216:102
[INFO] [stdout]     |
[INFO] [stdout] 216 |                 glium::glutin::Event::KeyboardInput(glium::glutin::ElementState::Pressed, _, Some(glium::glutin::VirtualKeyCode::W)) => {
[INFO] [stdout]     |                                                                                                                  ^^^^^^^^^^^^^^ could not find `VirtualKeyCode` in `glutin`
[INFO] [stdout] 
[INFO] [stdout] 
[INFO] [stdout] error[E0433]: failed to resolve: could not find `Event` in `glutin`
[INFO] [stdout]    --> src/main.rs:220:20
[INFO] [stdout]     |
[INFO] [stdout] 220 |                 glium::glutin::Event::KeyboardInput(glium::glutin::ElementState::Released, _, Some(glium::glutin::VirtualKeyCode::W)) => {
[INFO] [stdout]     |                                ^^^^^ could not find `Event` in `glutin`
[INFO] [stdout] 
[INFO] [stdout] 
[INFO] [stdout] error[E0433]: failed to resolve: could not find `ElementState` in `glutin`
[INFO] [stdout]    --> src/main.rs:220:56
[INFO] [stdout]     |
[INFO] [stdout] 220 |                 glium::glutin::Event::KeyboardInput(glium::glutin::ElementState::Released, _, Some(glium::glutin::VirtualKeyCode::W)) => {
[INFO] [stdout]     |                                                                    ^^^^^^^^^^^^ could not find `ElementState` in `glutin`
[INFO] [stdout] 
[INFO] [stdout] 
[INFO] [stdout] error[E0433]: failed to resolve: could not find `VirtualKeyCode` in `glutin`
[INFO] [stdout]    --> src/main.rs:220:103
[INFO] [stdout]     |
[INFO] [stdout] 220 |                 glium::glutin::Event::KeyboardInput(glium::glutin::ElementState::Released, _, Some(glium::glutin::VirtualKeyCode::W)) => {
[INFO] [stdout]     |                                                                                                                   ^^^^^^^^^^^^^^ could not find `VirtualKeyCode` in `glutin`
[INFO] [stdout] 
[INFO] [stdout] 
[INFO] [stdout] error[E0433]: failed to resolve: could not find `Event` in `glutin`
[INFO] [stdout]    --> src/main.rs:224:20
[INFO] [stdout]     |
[INFO] [stdout] 224 |                 glium::glutin::Event::KeyboardInput(glium::glutin::ElementState::Pressed, _, Some(glium::glutin::VirtualKeyCode::S)) => {
[INFO] [stdout]     |                                ^^^^^ could not find `Event` in `glutin`
[INFO] [stdout] 
[INFO] [stdout] 
[INFO] [stdout] error[E0433]: failed to resolve: could not find `ElementState` in `glutin`
[INFO] [stdout]    --> src/main.rs:224:56
[INFO] [stdout]     |
[INFO] [stdout] 224 |                 glium::glutin::Event::KeyboardInput(glium::glutin::ElementState::Pressed, _, Some(glium::glutin::VirtualKeyCode::S)) => {
[INFO] [stdout]     |                                                                    ^^^^^^^^^^^^ could not find `ElementState` in `glutin`
[INFO] [stdout] 
[INFO] [stdout] 
[INFO] [stdout] error[E0433]: failed to resolve: could not find `VirtualKeyCode` in `glutin`
[INFO] [stdout]    --> src/main.rs:224:102
[INFO] [stdout]     |
[INFO] [stdout] 224 |                 glium::glutin::Event::KeyboardInput(glium::glutin::ElementState::Pressed, _, Some(glium::glutin::VirtualKeyCode::S)) => {
[INFO] [stdout]     |                                                                                                                  ^^^^^^^^^^^^^^ could not find `VirtualKeyCode` in `glutin`
[INFO] [stdout] 
[INFO] [stdout] 
[INFO] [stdout] error[E0433]: failed to resolve: could not find `Event` in `glutin`
[INFO] [stdout]    --> src/main.rs:228:20
[INFO] [stdout]     |
[INFO] [stdout] 228 |                 glium::glutin::Event::KeyboardInput(glium::glutin::ElementState::Released, _, Some(glium::glutin::VirtualKeyCode::S)) => {
[INFO] [stdout]     |                                ^^^^^ could not find `Event` in `glutin`
[INFO] [stdout] 
[INFO] [stdout] 
[INFO] [stdout] error[E0433]: failed to resolve: could not find `ElementState` in `glutin`
[INFO] [stdout]    --> src/main.rs:228:56
[INFO] [stdout]     |
[INFO] [stdout] 228 |                 glium::glutin::Event::KeyboardInput(glium::glutin::ElementState::Released, _, Some(glium::glutin::VirtualKeyCode::S)) => {
[INFO] [stdout]     |                                                                    ^^^^^^^^^^^^ could not find `ElementState` in `glutin`
[INFO] [stdout] 
[INFO] [stdout] 
[INFO] [stdout] error[E0433]: failed to resolve: could not find `VirtualKeyCode` in `glutin`
[INFO] [stdout]    --> src/main.rs:228:103
[INFO] [stdout]     |
[INFO] [stdout] 228 |                 glium::glutin::Event::KeyboardInput(glium::glutin::ElementState::Released, _, Some(glium::glutin::VirtualKeyCode::S)) => {
[INFO] [stdout]     |                                                                                                                   ^^^^^^^^^^^^^^ could not find `VirtualKeyCode` in `glutin`
[INFO] [stdout] 
[INFO] [stdout] 
[INFO] [stdout] error[E0433]: failed to resolve: could not find `WindowBuilder` in `glutin`
[INFO] [stdout]   --> src/main.rs:15:31
[INFO] [stdout]    |
[INFO] [stdout] 15 |     let display = glium::glutin::WindowBuilder::new()
[INFO] [stdout]    |                                  ^^^^^^^^^^^^^ not found in `glium::glutin`
[INFO] [stdout]    |
[INFO] [stdout] help: consider importing this struct
[INFO] [stdout]    |
[INFO] [stdout] 4  | use glium::glutin::window::WindowBuilder;
[INFO] [stdout]    |
[INFO] [stdout] 
[INFO] [stdout] 
[INFO] [stdout] warning: unused import: `glium::Surface`
[INFO] [stdout]  --> src/main.rs:4:5
[INFO] [stdout]   |
[INFO] [stdout] 4 | use glium::Surface;
[INFO] [stdout]   |     ^^^^^^^^^^^^^^
[INFO] [stdout]   |
[INFO] [stdout]   = note: `#[warn(unused_imports)]` on by default
[INFO] [stdout] 
[INFO] [stdout] 
[INFO] [stdout] error: aborting due to 27 previous errors; 1 warning emitted
[INFO] [stdout] 
[INFO] [stdout] 
[INFO] [stdout] Some errors have detailed explanations: E0432, E0433.
[INFO] [stdout] 
[INFO] [stdout] For more information about an error, try `rustc --explain E0432`.
[INFO] [stdout] 
[INFO] [stderr] error: could not compile `draw_sprite`.
[INFO] [stderr] 
[INFO] [stderr] To learn more, run the command again with --verbose.
[INFO] [stderr] warning: build failed, waiting for other jobs to finish...
[INFO] [stdout] warning: unused import: `glium::Surface`
[INFO] [stdout]  --> src/main.rs:4:5
[INFO] [stdout]   |
[INFO] [stdout] 4 | use glium::Surface;
[INFO] [stdout]   |     ^^^^^^^^^^^^^^
[INFO] [stdout]   |
[INFO] [stdout]   = note: `#[warn(unused_imports)]` on by default
[INFO] [stdout] 
[INFO] [stdout] 
[INFO] [stdout] error: aborting due to 27 previous errors; 1 warning emitted
[INFO] [stdout] 
[INFO] [stdout] 
[INFO] [stdout] Some errors have detailed explanations: E0432, E0433.
[INFO] [stdout] 
[INFO] [stdout] For more information about an error, try `rustc --explain E0432`.
[INFO] [stdout] 
[INFO] [stderr] error: build failed
[INFO] running `Command { std: "docker" "inspect" "8848e389cab37e7a2846f855e51fc0174ee8cb81b003afdcdfc5662588a1530d", kill_on_drop: false }`
[INFO] running `Command { std: "docker" "rm" "-f" "8848e389cab37e7a2846f855e51fc0174ee8cb81b003afdcdfc5662588a1530d", kill_on_drop: false }`
[INFO] [stdout] 8848e389cab37e7a2846f855e51fc0174ee8cb81b003afdcdfc5662588a1530d
